{"id":262,"date":"2026-01-01T07:47:00","date_gmt":"2026-01-01T06:47:00","guid":{"rendered":"http:\/\/xn--stedtlistrmer-4ob.ch\/?page_id=262"},"modified":"2026-02-20T05:32:41","modified_gmt":"2026-02-20T04:32:41","slug":"news","status":"publish","type":"page","link":"https:\/\/xn--stedtlistrmer-4ob.ch\/index.php\/news\/","title":{"rendered":"NEWS"},"content":{"rendered":"\n<hr class=\"wp-block-separator has-alpha-channel-opacity\"\/>\n\n\n\n<figure class=\"wp-block-image size-large\"><img loading=\"lazy\" decoding=\"async\" width=\"1024\" height=\"562\" src=\"https:\/\/xn--stedtlistrmer-4ob.ch\/wp-content\/uploads\/2024\/04\/20-joor-Jubilaeum-1024x562.jpg\" alt=\"\" class=\"wp-image-2129\" srcset=\"https:\/\/xn--stedtlistrmer-4ob.ch\/wp-content\/uploads\/2024\/04\/20-joor-Jubilaeum-1024x562.jpg 1024w, https:\/\/xn--stedtlistrmer-4ob.ch\/wp-content\/uploads\/2024\/04\/20-joor-Jubilaeum-300x165.jpg 300w, https:\/\/xn--stedtlistrmer-4ob.ch\/wp-content\/uploads\/2024\/04\/20-joor-Jubilaeum-768x421.jpg 768w, https:\/\/xn--stedtlistrmer-4ob.ch\/wp-content\/uploads\/2024\/04\/20-joor-Jubilaeum-600x329.jpg 600w, https:\/\/xn--stedtlistrmer-4ob.ch\/wp-content\/uploads\/2024\/04\/20-joor-Jubilaeum.jpg 1498w\" sizes=\"(max-width: 1024px) 100vw, 1024px\" \/><\/figure>\n\n\n\n<p><\/p>\n\n\n\n<p>IM 2025 HEI MIR EUSES 20 J\u00c4HRIGE JUBIL\u00c4UM CH\u00d6NE FIIRE, ALS PIRATE!!<\/p>\n\n\n\n<p>Am 15. M\u00e4rz 2025 hei mir eusi Abschlusssitzig vodr Fasnacht 2025 im Simply im R\u00f6ssli gha und zruggluegt zunere tolle Fasnacht wo mir als PIRATE unterwegs gsi si. Nacheme tolle R\u00fcckblick vodr letschtj\u00e4hrige Fasnacht hei mir denn aber au scho nach vorne gluegt zudr Fasnacht 2026 wo mir sit 21 JOHR aktiv unterw\u00e4gs si. Mit d\u00e4 Vorbereitige f\u00fcr euse Wage si mir scho voll dra und es nimmt langsam aber sicher Forme ah. Euses Kost\u00fcm sowie d&#8217;Larve hei mir scho dehei und die letschte chline Arbeite werde vo jedem selber no gmacht.<\/p>\n\n\n\n<p>A dere Stell wei mir nomol idr Nicole &amp; J\u00f6rg danke f\u00fcr die hammer PIRATE Larve und au eusere Schnidere Silvia f\u00fcr das geniale Pirate Kost\u00fcm vom 2025 im JUBIL\u00c4UMS JOHR.<\/p>\n\n\n\n<p>Au das Johr danke mir idr Nicole &amp; J\u00f6rg f\u00fcr die tolli Larve &#8230;<\/p>\n\n\n\n<p>Mehr Infos was bi eus idr Zw\u00fcscheziit so wird laufe, ch\u00f6net dir do sowie au uf eusne Instagram &amp; Facebookkan\u00e4l gseh. Bis bald, Euchi Stedtlist\u00fcrmer Laufe<\/p>\n\n\n\n<hr class=\"wp-block-separator has-alpha-channel-opacity\"\/>\n\n\n\n<figure class=\"wp-block-image size-full\"><img loading=\"lazy\" decoding=\"async\" width=\"800\" height=\"299\" src=\"https:\/\/xn--stedtlistrmer-4ob.ch\/wp-content\/uploads\/2023\/01\/Fasnachtsumzug-11.png\" alt=\"\" class=\"wp-image-559\" srcset=\"https:\/\/xn--stedtlistrmer-4ob.ch\/wp-content\/uploads\/2023\/01\/Fasnachtsumzug-11.png 800w, https:\/\/xn--stedtlistrmer-4ob.ch\/wp-content\/uploads\/2023\/01\/Fasnachtsumzug-11-300x112.png 300w, https:\/\/xn--stedtlistrmer-4ob.ch\/wp-content\/uploads\/2023\/01\/Fasnachtsumzug-11-768x287.png 768w, https:\/\/xn--stedtlistrmer-4ob.ch\/wp-content\/uploads\/2023\/01\/Fasnachtsumzug-11-600x224.png 600w\" sizes=\"(max-width: 800px) 100vw, 800px\" \/><\/figure>\n\n\n<div class=\"wp-block-themeisle-blocks-posts-grid\" id=\"wp-block-themeisle-blocks-posts-grid-ebf8ff68\"><div class=\"is-grid o-posts-grid-columns-2\"><div class=\"o-posts-grid-post-blog o-posts-grid-post-plain\"><div class=\"o-posts-grid-post\"><div class=\"o-posts-grid-post-body is-full\"><h4 class=\"o-posts-grid-post-title\"><a href=\"https:\/\/xn--stedtlistrmer-4ob.ch\/index.php\/2024\/04\/03\/20-johr-stedtlistuermer\/\">20 JOHR STEDTLIST\u00dcRMER<\/a><\/h4><\/div><\/div><\/div><div class=\"o-posts-grid-post-blog o-posts-grid-post-plain\"><div class=\"o-posts-grid-post\"><div class=\"o-posts-grid-post-body is-full\"><h4 class=\"o-posts-grid-post-title\"><a href=\"https:\/\/xn--stedtlistrmer-4ob.ch\/index.php\/2024\/12\/26\/rueckblick-2005-2024\/\">R\u00fcckblick vo 2005 &#8211; 2024<\/a><\/h4><\/div><\/div><\/div><div class=\"o-posts-grid-post-blog o-posts-grid-post-plain\"><div class=\"o-posts-grid-post\"><div class=\"o-posts-grid-post-body is-full\"><h4 class=\"o-posts-grid-post-title\"><a href=\"https:\/\/xn--stedtlistrmer-4ob.ch\/index.php\/2023\/01\/10\/eusi-schnitzelbankzettel-vom-2011-bis\/\">eusi Schnitzelbankzettel vom 2011 bis \u2026<\/a><\/h4><\/div><\/div><\/div><div class=\"o-posts-grid-post-blog o-posts-grid-post-plain\"><div class=\"o-posts-grid-post\"><div class=\"o-posts-grid-post-body is-full\"><h4 class=\"o-posts-grid-post-title\"><a href=\"https:\/\/xn--stedtlistrmer-4ob.ch\/index.php\/2023\/01\/03\/impressionen\/\">e paar tolli Augeblick<\/a><\/h4><\/div><\/div><\/div><div class=\"o-posts-grid-post-blog o-posts-grid-post-plain\"><div class=\"o-posts-grid-post\"><div class=\"o-posts-grid-post-body is-full\"><h4 class=\"o-posts-grid-post-title\"><a href=\"https:\/\/xn--stedtlistrmer-4ob.ch\/index.php\/2023\/01\/01\/haerzlich-willkomme-bi-de-stedtlistuermer\/\">Herzlich Willkomme uf eusere \u00fcberarbeitete Homepage<\/a><\/h4><\/div><\/div><\/div><\/div> <\/div><p>Views: 4882<\/p>","protected":false},"excerpt":{"rendered":"<p>IM 2025 HEI MIR EUSES 20 J\u00c4HRIGE JUBIL\u00c4UM CH\u00d6NE FIIRE, ALS PIRATE!! Am 15. M\u00e4rz 2025 hei mir eusi Abschlusssitzig vodr Fasnacht 2025 im Simply im R\u00f6ssli gha und zruggluegt zunere tolle Fasnacht wo mir als PIRATE unterwegs gsi si. Nacheme tolle R\u00fcckblick vodr letschtj\u00e4hrige Fasnacht hei mir denn aber au scho nach vorne gluegt&#46;&#46;&#46;<\/p>\n","protected":false},"author":1,"featured_media":0,"parent":0,"menu_order":0,"comment_status":"closed","ping_status":"closed","template":"","meta":{"_themeisle_gutenberg_block_has_review":false,"footnotes":""},"class_list":["post-262","page","type-page","status-publish","hentry"],"_links":{"self":[{"href":"https:\/\/xn--stedtlistrmer-4ob.ch\/index.php\/wp-json\/wp\/v2\/pages\/262"}],"collection":[{"href":"https:\/\/xn--stedtlistrmer-4ob.ch\/index.php\/wp-json\/wp\/v2\/pages"}],"about":[{"href":"https:\/\/xn--stedtlistrmer-4ob.ch\/index.php\/wp-json\/wp\/v2\/types\/page"}],"author":[{"embeddable":true,"href":"https:\/\/xn--stedtlistrmer-4ob.ch\/index.php\/wp-json\/wp\/v2\/users\/1"}],"replies":[{"embeddable":true,"href":"https:\/\/xn--stedtlistrmer-4ob.ch\/index.php\/wp-json\/wp\/v2\/comments?post=262"}],"version-history":[{"count":125,"href":"https:\/\/xn--stedtlistrmer-4ob.ch\/index.php\/wp-json\/wp\/v2\/pages\/262\/revisions"}],"predecessor-version":[{"id":2237,"href":"https:\/\/xn--stedtlistrmer-4ob.ch\/index.php\/wp-json\/wp\/v2\/pages\/262\/revisions\/2237"}],"wp:attachment":[{"href":"https:\/\/xn--stedtlistrmer-4ob.ch\/index.php\/wp-json\/wp\/v2\/media?parent=262"}],"curies":[{"name":"wp","href":"https:\/\/api.w.org\/{rel}","templated":true}]}}