{"id":515,"date":"2023-01-02T20:51:50","date_gmt":"2023-01-02T19:51:50","guid":{"rendered":"http:\/\/xn--stedtlistrmer-4ob.ch\/?page_id=515"},"modified":"2023-01-08T13:07:39","modified_gmt":"2023-01-08T12:07:39","slug":"datenschutz","status":"publish","type":"page","link":"https:\/\/xn--stedtlistrmer-4ob.ch\/index.php\/datenschutz\/","title":{"rendered":"Datenschutz"},"content":{"rendered":"\n<p><strong>ALLGEMEINE HINWEISE<\/strong><\/p>\n\n\n\n<ul class=\"wp-block-list\">\n<li><strong>DATENSCHUTZBEAUFTRAGTER<\/strong><br>Es ist kein Datenschutzbeauftragter benannt.<\/li>\n<\/ul>\n\n\n\n<ul class=\"wp-block-list\">\n<li><strong>EU-DATENSCHUTZ-VERTRETER<\/strong><br>Es ist kein EU-Datenschutz-Vertreter benannt.<\/li>\n<\/ul>\n\n\n\n<ul class=\"wp-block-list\">\n<li><strong>BEARBEITUNGSZWECKE<\/strong><br>Wir bearbeiten Personendaten in folgenden Situationen zu folgenden Zwecken:\n<ul class=\"wp-block-list\">\n<li><strong>Besuch von Webseiten:<\/strong>\u00a0Wenn Sie unsere Webseite besuchen<\/li>\n\n\n\n<li><strong>Kommunikation:<\/strong>\u00a0Wenn Sie mit uns oder wir mit Ihnen Kontakt aufnehmen<\/li>\n<\/ul>\n<\/li>\n<\/ul>\n\n\n\n<ul class=\"wp-block-list\">\n<li><strong>ERHEBUNG, VERARBEITUNG UND NUTZUNG PERSONENBEZOGENER DATEN<\/strong><br>Bei einem Besuch dieser Website erheben wir keine personenbezogenen Daten von Ihnen. Personenbezogene Daten werden nur erhoben, wenn Sie uns eine E-Mail schreiben. Diese Daten werden ausschliesslich zur Beantwortung Ihres Anliegens genutzt und danach wieder gel\u00f6scht.<\/li>\n<\/ul>\n\n\n\n<ul class=\"wp-block-list\">\n<li><strong>SPEICHERUNGSDAUER<\/strong><br>Wir speichern Ihre Personendaten so lange, wie es f\u00fcr den Zweck, f\u00fcr den wir sie erhoben haben, erforderlich sind oder eine andere rechtliche Grundlage daf\u00fcr besteht. Wir speichern Ihre Personendaten so lange, wie sie einer gesetzlichen Aufbewahrungspflicht unterliegen.<\/li>\n<\/ul>\n\n\n\n<ul class=\"wp-block-list\">\n<li><strong>EMPF\u00c4NGER<\/strong><br>Wir behandeln Ihre Personendaten vertraulich und gebe sie nicht an Dritte weiter.<\/li>\n<\/ul>\n\n\n\n<ul class=\"wp-block-list\">\n<li><strong>AUTOMATISIERTE VERARBEITUNG UND PROFILING<\/strong><br>Eine automatisierte Verarbeitung von Personendaten inkl. Profiling findet nicht statt.<\/li>\n<\/ul>\n\n\n\n<ul class=\"wp-block-list\">\n<li><strong>VERWENDUNG VON EIGENEN COOKIES<\/strong><br>Beim Aufruf bestimmter Seiten wird ein so genanntes \u00abSession-Cookie\u00bb gesetzt. Hierbei handelt es sich um eine kleine Textdatei, die nach Ende der Browser-Sitzung automatisch wieder von Ihrem Computer gel\u00f6scht wird. Diese Datei dient ausschliesslich dazu, bestimmte Applikationen nutzen zu k\u00f6nnen. Sie k\u00f6nnen bei den meisten Webbrowsern die Einstellungen so \u00e4ndern, dass Ihr Browser neue Cookies nicht akzeptiert oder Sie k\u00f6nnen erhaltenen Cookies l\u00f6schen lassen. Wie dies konkret f\u00fcr Ihren Browser funktioniert, kann in der Regel \u00fcber dessen Hilfe-Funktion in Erfahrung gebracht werden. Sie k\u00f6nnen Cookies in Ihrem Browser blockieren\u00a0<a href=\"https:\/\/www.cookiesandyou.com\/disable-cookies\">https:\/\/www.cookiesandyou.com\/disable-cookies<\/a>.<\/li>\n<\/ul>\n\n\n\n<ul class=\"wp-block-list\">\n<li><strong>SERVER-LOG-DATEIEN<\/strong><br>Wie bei jeder Verbindung mit einem Webserver protokolliert und speichert der Server unseres Webhosting-Anbieters Metanet AG aus Z\u00fcrich, Schweiz, bestimmte technische Daten. Zu diesen Daten geh\u00f6ren die IP-Adresse und das Betriebssystem Ihres Ger\u00e4ts, die Daten, die Zugriffszeit, die Art des Browsers sowie die Browser-Anfrage inklusive der Herkunft der Anfrage (Referrer). Dies ist aus technischen Gr\u00fcnden erforderlich, um Ihnen unsere Website zur Verf\u00fcgung zu stellen. Der Webhosting-Anbieter sch\u00fctzt diese Daten mit technischen und organisatorischen Massnahmen vor unerlaubten Zugriffen und gibt sie nicht an Dritte weiter. Soweit wir dabei personenbezogene Daten verarbeiten, tun wir dies aufgrund unseres Interesses, Ihnen die bestm\u00f6gliche Nutzererfahrung zu bieten und die Sicherheit und Stabilit\u00e4t unserer Systeme zu gew\u00e4hrleisten.<\/li>\n<\/ul>\n\n\n\n<ul class=\"wp-block-list\">\n<li><strong>GOOGLE WEBFONTS<\/strong><br>Diese Seite nutzt zur einheitlichen Darstellung von Schriftarten so genannte Web Fonts, die von Google bereitgestellt werden. Beim Aufruf einer Seite l\u00e4dt Ihr Browser die ben\u00f6tigten Web Fonts in ihren Browsercache, um Texte und Schriftarten korrekt anzuzeigen.<br>Zu diesem Zweck muss der von Ihnen verwendete Browser Verbindung zu den Servern von Google aufnehmen. Hierdurch erlangt Google Kenntnis dar\u00fcber, dass \u00fcber Ihre IP-Adresse unsere Website aufgerufen wurde. Die Nutzung von Google Web Fonts erfolgt im Interesse einer einheitlichen und ansprechenden Darstellung unserer Online-Angebote. Dies stellt ein berechtigtes Interesse im Sinne von Art. 6 Abs. 1 lit. f DSGVO dar. Wenn Ihr Browser Web Fonts nicht unterst\u00fctzt, wird eine Standardschrift von Ihrem Computer genutzt.<br>Weitere Informationen zu Google Web Fonts finden Sie unter <a href=\"https:\/\/developers.google.com\/fonts\/faq\">https:\/\/developers.google.com\/fonts\/faq<\/a> und in der Datenschutzerkl\u00e4rung von Google: <a href=\"https:\/\/www.google.com\/policies\/privacy\/\">https:\/\/www.google.com\/policies\/privacy\/<\/a>.<\/li>\n<\/ul>\n\n\n\n<ul class=\"wp-block-list\">\n<li><strong>SSL- BZW. TLS-VERSCHL\u00dcSSELUNG<\/strong><br>Diese Seite nutzt aus Sicherheitsgr\u00fcnden und zum Schutz der \u00dcbertragung vertraulicher Inhalte, wie zum Beispiel Bestellungen oder Anfragen, die Sie an uns als Seitenbetreiber senden, eine SSL-bzw. TLS-Verschl\u00fcsselung. Eine verschl\u00fcsselte Verbindung erkennen Sie daran, dass die Adresszeile des Browsers von \u00abhttp:\/\/\u00bb auf \u00abhttps:\/\/\u00bb wechselt und an dem Schloss-Symbol in Ihrer Browserzeile.<br>Wenn die SSL- bzw. TLS-Verschl\u00fcsselung aktiviert ist, k\u00f6nnen die Daten, die Sie an uns \u00fcbermitteln, nicht von Dritten mitgelesen werden.<\/li>\n<\/ul>\n\n\n\n<ul class=\"wp-block-list\">\n<li><strong>IHRE RECHTE<\/strong><br>Im Rahmen des Bundesgesetzes \u00fcber den Datenschutz (DSG) und der Datenschutz-Grundverordnung (DSGVO) der Europ\u00e4ischen Union stehen Ihnen Rechte zu. Mehr dazu entnehmen Sie folgenden Links\u00a0<a href=\"https:\/\/www.admin.ch\/opc\/de\/classified-compilation\/19920153\/index.html\">https:\/\/www.admin.ch\/opc\/de\/classified-compilation\/19920153\/index.html<\/a><strong>\u00a0<\/strong>und<strong>\u00a0<\/strong><a href=\"https:\/\/eur-lex.europa.eu\/legal-content\/DE\/TXT\/HTML\/?uri=CELEX:32016R0679#d1e2808-1-1\">https:\/\/eur-lex.europa.eu\/legal-content\/DE\/TXT\/HTML\/?uri=CELEX:32016R0679#d1e2808-1-1<\/a>.<\/li>\n<\/ul>\n\n\n\n<ul class=\"wp-block-list\">\n<li><strong>VERF\u00dcGBARKEIT<\/strong><br>Wir garantieren nicht, dass die von uns betriebene Website jederzeit verf\u00fcgbar ist und haften nicht f\u00fcr die fehlerfreie Datenkommunikation. Die Website kann Links zu Angeboten Dritter enthalten. Bei der Auswahl dieser Anbieter achten wir auf h\u00f6chste Qualit\u00e4t. Wir haben keinen Einfluss darauf, wie diese Anbieter mit den auf ihren eigenen Webseiten gesammelten Kundendaten umgehen. Wir sind deshalb nicht verantwortlich f\u00fcr deren Inhalt und \u00fcbernimmt diesbez\u00fcglich keine Haftung. Wir sind nicht verantwortlich f\u00fcr die Einhaltung der Datenschutzbestimmungen durch die auf der Website eingebundenen Anbieter.<\/li>\n<\/ul>\n\n\n\n<ul class=\"wp-block-list\">\n<li><strong>\u00c4NDERUNGEN<\/strong><br>Wir behalten uns das Recht vor, diese Datenschutzerkl\u00e4rung jederzeit zu \u00e4ndern und die Kunden\/User \u00fcber die \u00c4nderungen auf geeignete Weise zu informieren. Die jeweils aktuelle Fassung ist immer auf unserer Website unter \u00abDatenschutz\u00bb abrufbar.<\/li>\n<\/ul>\n<p>Views: 269<\/p>","protected":false},"excerpt":{"rendered":"<p>ALLGEMEINE HINWEISE Views: 269<\/p>\n","protected":false},"author":1,"featured_media":0,"parent":0,"menu_order":0,"comment_status":"closed","ping_status":"closed","template":"","meta":{"_themeisle_gutenberg_block_has_review":false,"footnotes":""},"class_list":["post-515","page","type-page","status-publish","hentry"],"_links":{"self":[{"href":"https:\/\/xn--stedtlistrmer-4ob.ch\/index.php\/wp-json\/wp\/v2\/pages\/515"}],"collection":[{"href":"https:\/\/xn--stedtlistrmer-4ob.ch\/index.php\/wp-json\/wp\/v2\/pages"}],"about":[{"href":"https:\/\/xn--stedtlistrmer-4ob.ch\/index.php\/wp-json\/wp\/v2\/types\/page"}],"author":[{"embeddable":true,"href":"https:\/\/xn--stedtlistrmer-4ob.ch\/index.php\/wp-json\/wp\/v2\/users\/1"}],"replies":[{"embeddable":true,"href":"https:\/\/xn--stedtlistrmer-4ob.ch\/index.php\/wp-json\/wp\/v2\/comments?post=515"}],"version-history":[{"count":8,"href":"https:\/\/xn--stedtlistrmer-4ob.ch\/index.php\/wp-json\/wp\/v2\/pages\/515\/revisions"}],"predecessor-version":[{"id":1500,"href":"https:\/\/xn--stedtlistrmer-4ob.ch\/index.php\/wp-json\/wp\/v2\/pages\/515\/revisions\/1500"}],"wp:attachment":[{"href":"https:\/\/xn--stedtlistrmer-4ob.ch\/index.php\/wp-json\/wp\/v2\/media?parent=515"}],"curies":[{"name":"wp","href":"https:\/\/api.w.org\/{rel}","templated":true}]}}